= 5*z, -j = -0*j - 5*z - 13. Calculate q(j).
10
Let m(w) = w**2 + 5*w - 8. Suppose 4*g - g = 60. Let r be (g/25)/(2/10). Suppose -r*u - 26 = 2*l, -2*l + 0 = -2. Determine m(u).
6
Suppose 11*s - 6*s = 150. Suppose 18*l - 13*l - s = 0. Let d(f) = f**3 - f - 1. Let i(o) = -2*o**3 + 7*o**2 - 3*o - 1. Let t(r) = -d(r) - i(r). What is t(l)?
-10
Let x(y) = 188 - 5*y + 22*y + 189 - 381. What is x(-3)?
-55
Let n be (-93)/(-18) + -1 + (-10)/(-12). Suppose 4*u - n*g - 20 - 7 = 0, -g + 3 = 2*u. Let f(v) = -v**3 + 4*v**2 - 4*v. Determine f(u).
-3
Let i(s) = -2*s**2 - 22*s - 36. Let x(l) = 3*l**2 + 34*l + 54. Let y(q) = 7*i(q) + 5*x(q). Give y(-15).
3
Let m be (2/(-6))/((-1)/3). Let h(x) = -1 - 28*x + x**2 - 19*x - 4*x**2 + 49*x + 8*x**2. Give h(m).
6
Let q(u) = u**2 + 2. Let d be (-5)/15*0*-1. Determine q(d).
2
Let t(s) = -10*s - 64. Let n be t(-8). Let h(j) = -j + 17. Determine h(n).
1
Let d(b) = -91*b**3 + b**2 + 8*b - 4. Let h(y) = -23*y**3 + 2*y - 1. Let g(z) = 2*d(z) - 9*h(z). Give g(1).
26
Suppose -6*w + x + 19 = -2*w, 3*w + x - 16 = 0. Let p(m) = -m**2 + m + 2. Calculate p(w).
-18
Let c(v) = -5*v**3 + 10*v**2 - 10*v + 27. Let t(d) = -4*d**3 + 10*d**2 - 10*d + 25. Let u(g) = 5*c(g) - 6*t(g). Calculate u(-11).
-4
Let l = -28 + 21. Let j(i) = 6*i**2 + 16*i - 9. Let y(b) = b**2 + 2*b - 1. Let h(v) = -j(v) + 5*y(v). Calculate h(l).
-3
Let w(y) = 125*y**2 + 127*y**2 - y**3 - 500*y**2 - 5 + 124*y**2 + y + 131*y**2. Calculate w(6).
37
Let d(q) = 2*q**2 + q - 1. Let m(l) = -11*l**2 - 21*l + 16. Let k(x) = -5*d(x) - m(x). What is k(-17)?
6
Suppose -2*u - 10*x + 14*x = -34, -5*u - 4*x = -57. Suppose 2 = c, 3*l = 5*c - 41 + u. Let t(a) = -3*a + a - 3 + a. Determine t(l).
3
Let y(z) be the third derivative of 2/3*z**3 + 0 + 1/8*z**4 - 23*z**2 + 0*z. What is y(4)?
16
Let v(w) = -w**3 + 7*w**2 - 5*w - 2. Let u = -45 - -50. Determine v(u).
23
Suppose -3*g + 4*j - 9*j = 23, 2*j = 5*g - 3. Let a(x) = 1. Let h(k) = 5*k**2 - 4. Let q(l) = 5*a(l) + h(l). Determine q(g).
6
Let f(c) be the second derivative of -c**6/360 + 5*c**4/12 + 6*c. Let u(h) be the third derivative of f(h). Let m be 2/(6/(-3) - 0). Determine u(m).
2
Let n be (21 + 0)*(-2)/3. Let l be 10 + -3 - 7 - -3. Let j be n/(6/(l/(-1))). Let z(p) = -p**3 + 8*p**2 - 7*p + 4. Give z(j).
4
Let l(u) = -u**3 + 3*u**2 + 5*u. Let v = 1 + 3. Let y be l(v). Let g(q) = -3*q + 3*q - y*q + 3*q. Determine g(3).
-3
Let s(i) = -151 + 128 + 0*i - i. Determine s(0).
-23
Let u be 4/(-12) + 10/3. Suppose -i = -u*i + 6. Let c(w) = 114*w**2 + 1 - w + 111*w**2 - 223*w**2. Give c(i).
16
Let p(a) = 10*a**2 + 7*a - 1. Let u(k) = 9*k**2 + 10*k - 1. Let q(i) = -3*p(i) + 2*u(i). Calculate q(1).
-12
Let h(g) be the second derivative of g**5/20 - g**4/4 - g**3 + 4*g**2 + 7*g + 2. Let u be h(2). Let z(m) = 2*m + 12. Give z(u).
-4
Let g = 876 - 885. Let l(a) = -2*a + 9. Give l(g).
27
Let a(i) = -177 + 86 + 3*i**2 + 91. Let f be (((-5)/5)/(-1))/(-1). Calculate a(f).
3
Let h be -1*15*(-16)/24. Suppose -4 + h = 2*q. Let r(w) = 0*w**2 + 7*w**2 - w - 4*w**2 - 4*w**3 - 1 + 3*w**3. Calculate r(q).
-4
Let v(a) = a + 10. Let u(m) = -3*m - 10. Let d(i) = -2*u(i) - 3*v(i). Calculate d(6).
8
Suppose 0 = 9*u - u - 344. Let f = 45 - u. Let d(v) = -3*v**3 - v**2 - 3. Let g(n) = -4*n**3 - 2*n**2 - n - 4. Let a(j) = 3*d(j) - 2*g(j). Determine a(f).
-1
Let g(w) = -3 - 9*w + 6*w**2 + 5*w**2 - 176*w**3 + 2 + 175*w**3. Determine g(10).
9
Let k(f) = f**3 + 18*f**2 - 25*f - 113. Let j be k(-19). Let y(o) = 22*o + 1. Calculate y(j).
23
Let o(c) = 3*c - 3. Let t(b) be the second derivative of b**3/6 - b**2/2 - 2*b. Let g(y) = 2*o(y) - 5*t(y). Determine g(1).
0
Let m(k) = -k + 3. Let x be (-15)/2*36/30. Let c = x - 3. Let o be ((-4)/8)/(2/c). Give m(o).
0
Let g = 18 + -16. Suppose n + 3*n - 13 = 5*x, -2*x = -2*n + 6. Suppose g*c + n = -4. Let u(o) = o**3 + 2*o**2 - 3*o + 4. Calculate u(c).
4
Let z(r) = -2*r**2 - 1. Let o(i) = -i**2 + 6*i + 3. Let w be o(7). Let p be -1*(3 + w) + 10. Suppose f - 1 = -m, -f + p = -4*f + 4*m. Determine z(f).
-3
Let h(t) = -t + 15. Let a be (4 + 6)/10 + 12. Calculate h(a).
2
Suppose -3*n - 4 - 5 = 0. Let f(t) = 7*t**3 - 4*t**2 + t - 4. Let h(v) = 9*v**2 - 2*v - v - 15*v**3 - 1 + 9. Let y(c) = 13*f(c) + 6*h(c). What is y(n)?
2
Let w(m) = 3*m - 2. Let o = 2 - -50. Let u = 54 - o. What is w(u)?
4
Let x(h) be the third derivative of -h**5/30 - 5*h**4/8 + 2*h**3 - 557*h**2. Give x(-8).
4
Let d(y) = -23*y + 13. Let k(c) = 11*c - 6. Suppose 3*w - 8*w = -10. Suppose 2*a - w*m + m - 17 = 0, 5*a - 5*m = 55. Let h(b) = a*d(b) + 13*k(b). Give h(-2).
-10
Let c(j) = -j**3 + 13*j**2 - j + 19. Let b be 918/72 + (-2)/(-8). Calculate c(b).
6
Let z(v) be the first derivative of v**5/20 + v**4/4 - v**3/2 - v**2/2 - 3*v + 1. Let n(j) be the first derivative of z(j). Determine n(-4).
-5
Let n(v) = -1 - 4406*v + 2207*v + 2200*v. Let z = -15 - -10. What is n(z)?
-6
Suppose -4*y = -9*y - 2*u - 24, -2*u + 16 = -5*y. Let r(v) = 3*v - 5. Determine r(y).
-17
Suppose -32 = -2*o + 46. Let s = -25 + o. Let i = 9 - s. Let p(k) = k + 3. Determine p(i).
-2
Let f(l) be the third derivative of l**7/5040 - l**6/720 - l**5/5 - 11*l**2. Let t(c) be the third derivative of f(c). Give t(-7).
-8
Let v(c) = -2*c + 7. Suppose -2*m - 4*m = 90. Let s = -21 - m. Determine v(s).
19
Let o be (-14)/(-105) - 141/45. Let y(v) = -v - 5. Give y(o).
-2
Let y(b) = 19*b - 14. Let s(x) = -6*x + 5. Let t(m) = 7*s(m) + 2*y(m). Suppose 52 = 4*v + 2*l - 24, -2*v + 4*l = -48. Suppose 3*z - v + 5 = 0. Calculate t(z).
-13
Let m(p) = -2*p**2 - 4*p**2 - 126*p - 4 + 123*p - 5 - p**3. Give m(-6).
9
Let w(n) = n**2 + 14*n - 40. Let a(x) = x**2 + 14*x - 45. Let y(s) = -6*a(s) + 7*w(s). What is y(-14)?
-10
Let o be 2*(-1)/4 - (-68)/8. Let c(q) = -947*q - 3 + 946*q - o. Determine c(-7).
-4
Let w(h) = 17*h + 25. Let i be w(-1). Let k(q) = -1 - 3 + q - 1. Determine k(i).
3
Suppose 0 = 3*o - 5*o + 16. Let w(d) be the second derivative of d**3/3 - 11*d**2/2 - 5496*d. Calculate w(o).
5
Let o(v) = -v - 4. Let i(s) = s + 5. Let y(r) = 4*i(r) + 5*o(r). Calculate y(-8).
8
Let y(l) = 2*l**3 - 22*l**2 + 18*l + 35. Let p(c) = -c**3 + c**2 + c - 2. Let m(b) = -3*p(b) - y(b). What is m(-20)?
-9
Let l = -23 - -127. Suppose 0 = 6*r - 2*r - l. Let q = r + -31. Let z(f) = -f**2 - 3*f + 1. What is z(q)?
-9
Let k(d) = 89*d + 3*d**2 - 4*d**2 - 71*d - 6 - 24. Calculate k(16).
2
Let o be (0 + -5)/(-1 + 0). Suppose 3*n + 2*s + s = -21, 0 = -o*s. Let p(k) = -k**2 - 8*k. Give p(n).
7
Let d(b) = 8*b - 9. Let n(a) = a - 1. Let m(h) = 2*d(h) - 14*n(h). Give m(11).
18
Let m(o) be the third derivative of -o**5/20 - o**4/8 + o**3/6 + 12*o**2. Calculate m(3).
-35
Let b(s) = 2*s + 18. Let i be b(-8). Let n(u) = -8 + 2*u + u + 1 - i*u. What is n(6)?
-1
Let o(z) = z**3 + 7*z**2 - 7*z + 8. Let m be o(-8). Suppose -2*y - 4 = y + 5*h, -3*y + h + 8 = m. Let n(q) = -4*q + 3*q - 7 + 5*q + 0*q + q**y. Give n(-5).
-2
Let x(p) = -28*p + 3. Let w be (20/8)/((-100)/(-40)). Determine x(w).
-25
Let k(z) = -2*z - 2. Let l(a) = -6*a - 6. Let o(r) = -14*k(r) + 5*l(r). What is o(-5)?
8
Let w(n) = -1. Let h(v) = v + 7. Let c(g) = -h(g) + 3*w(g). Suppose -16*u - 19*u = -32*u. Determine c(u).
-10
Let y(i) = -i - 4 + 4*i + 45. Determine y(-12).
5
Let z(h) = 3*h**3 + 20*h**2 - 9*h - 7. Let x be z(-7). Let k(y) = y**2 - 9*y + 17. Determine k(x).
3
Let z(i) be the second derivative of 2*i**2 - 1/20*i**5 + 1/3*i**4 + 0 + 2/3*i**3 - 11*i. Give z(5).
-1
Let a(k) = k**3 - 4*k**2 - 5*k + 6. Suppose 43*f - 39*f - 20 = 0. Give a(f).
6
Let d be (-1)/(2/(-12) + 0). Let g(n) = -n**2 + n + 1. Let z(k) = -4*k - 161 + 3*k**2 - 165 + 320. Let p(t) = d*g(t) + z(t). Give p(2).
-8
Let w(o) = o**2 - 13*o + 7. Let b(q) = 14*q + 54. Let y be b(-3). What is w(y)?
-5
Let j(l) be the second derivative of -1/3*l**3 - 28*l + 0 + 3/2*l**2 - 1/3*l**4. Determine j(2).
-17
Suppose 10*b - 11*b + 9 = 0. Let l = b - 8. Let j(z) = 9*z - 1. Calculate j(l).
8
Let y(h) = 309*h**2 - 314*h**2 + 5 + h**3 - 4*h + 4*h. What is y(4)?
-11
Let x(m) = -3*m + 3. Let l(r) = 0*r + r - 14 + 0*r - 5. Let g be l(16). Calculate x(g).
12
Let s(q) = -2*q + 5*q - 5*q + 1. Suppose -121 = -45*u - 90*u + 14*u. Give s(u).
-1
Let f(q) = 2*q - 8. Let r be f(6). Let h(i) be the first derivative of 5/3*i**3 + 20 - 1/4*i**4 - 4